{"id":44,"date":"2021-07-12T20:15:33","date_gmt":"2021-07-12T20:15:33","guid":{"rendered":"http:\/\/litere.cunbm.utcluj.ro\/doctorat\/?page_id=44"},"modified":"2025-11-28T09:04:13","modified_gmt":"2025-11-28T09:04:13","slug":"consiliul-scolii-doctorale-de-stiinte-umaniste","status":"publish","type":"page","link":"http:\/\/litere.cunbm.utcluj.ro\/doctorat\/index.php\/consiliul-scolii-doctorale-de-stiinte-umaniste\/","title":{"rendered":"Consiliul \u015ecolii Doctorale de \u015etiin\u0163e Umaniste"},"content":{"rendered":"\r\n<p><strong>Coordonatorul consiliului de coordonare a programelor doctorale \u0218tiin\u021be Umaniste:<\/strong><\/p>\r\n\r\n\r\n\r\n<ul class=\"wp-block-list\">\r\n<li>prof. univ. dr. habil. Daiana FELECAN<\/li>\r\n<\/ul>\r\n\r\n\r\n\r\n<p><strong>Membrii consiliului \u015ecolii Doctorale de \u015etiin\u0163e Umaniste<\/strong><\/p>\r\n\r\n\r\n\r\n<ul class=\"wp-block-list\">\r\n<li>prof. univ. dr. habil. Mihaela MUNTEANU-SISERMAN<\/li>\r\n<li>prof. univ. dr. habil. Daniela DUNCA<\/li>\r\n<li>drd. Florin GHIURGIU<\/li>\r\n<\/ul>\r\n\r\n\r\n\r\n<p>&nbsp;<\/p>\r\n","protected":false},"excerpt":{"rendered":"<p>Coordonatorul consiliului de coordonare a programelor doctorale \u0218tiin\u021be Umaniste: prof. univ. dr. habil. Daiana FELECAN Membrii consiliului \u015ecolii Doctorale de \u015etiin\u0163e Umaniste prof. univ. dr. habil. Mihaela MUNTEANU-SISERMAN prof. univ. dr. habil. Daniela DUNCA drd. Florin GHIURGIU &nbsp;<\/p>\n","protected":false},"author":1,"featured_media":0,"parent":0,"menu_order":0,"comment_status":"closed","ping_status":"closed","template":"","meta":{"footnotes":""},"class_list":["post-44","page","type-page","status-publish","hentry"],"_links":{"self":[{"href":"http:\/\/litere.cunbm.utcluj.ro\/doctorat\/index.php\/wp-json\/wp\/v2\/pages\/44","targetHints":{"allow":["GET"]}}],"collection":[{"href":"http:\/\/litere.cunbm.utcluj.ro\/doctorat\/index.php\/wp-json\/wp\/v2\/pages"}],"about":[{"href":"http:\/\/litere.cunbm.utcluj.ro\/doctorat\/index.php\/wp-json\/wp\/v2\/types\/page"}],"author":[{"embeddable":true,"href":"http:\/\/litere.cunbm.utcluj.ro\/doctorat\/index.php\/wp-json\/wp\/v2\/users\/1"}],"replies":[{"embeddable":true,"href":"http:\/\/litere.cunbm.utcluj.ro\/doctorat\/index.php\/wp-json\/wp\/v2\/comments?post=44"}],"version-history":[{"count":8,"href":"http:\/\/litere.cunbm.utcluj.ro\/doctorat\/index.php\/wp-json\/wp\/v2\/pages\/44\/revisions"}],"predecessor-version":[{"id":175,"href":"http:\/\/litere.cunbm.utcluj.ro\/doctorat\/index.php\/wp-json\/wp\/v2\/pages\/44\/revisions\/175"}],"wp:attachment":[{"href":"http:\/\/litere.cunbm.utcluj.ro\/doctorat\/index.php\/wp-json\/wp\/v2\/media?parent=44"}],"curies":[{"name":"wp","href":"https:\/\/api.w.org\/{rel}","templated":true}]}}